 31
Let m(l) = l. Let r be m(2). Let f(a) = -25 - a**3 + 10*a**2 + 6*a**2 + 6*a**2 + 16*a - 9*a**r. List the prime factors of f(14).
3
Let u = 21293 - 15537. List the prime factors of u.
2, 1439
Let m = 6622 - 3075. List the prime factors of m.
3547
List the prime factors of (-720)/(-48) - -5740*7.
5, 8039
Let p = 311 - -479. Let a = 1185 - p. List the prime factors of a.
5, 79
Let z(v) = -v**3 + 25*v**2 + 16*v - 46. Let d be z(23). Suppose 3*o + 3*h - 819 = 0, 2*h = -5*o - 0*h + d. What are the prime factors of o?
2, 139
What are the prime factors of (-1)/((-10)/4 + 1181763/472716)?
2, 3, 1459
Let k(j) be the first derivative of -j**4 + 11*j**3/3 + j**2 - 8*j - 1. Let o be k(6). Let r = 678 + o. List the prime factors of r.
2, 107
List the prime factors of ((-24942)/(-12))/(48/96).
4157
Suppose -2*u - 7 + 19 = 0. List the prime factors of (216 + u)*(-15)/(-10).
3, 37
Let r(c) be the third derivative of 67*c**5/60 - c**4/8 - c**3/6 - 8*c**2. Let w = -18 + 17. What are the prime factors of r(w)?
3, 23
Let o be 5 - 349/((10/6)/5). Let d = 1672 + o. List the prime factors of d.
2, 3, 5, 7
Let b(m) = m**3 - 3*m**2 - 5*m + 9. Let h be b(4). Suppose 0 = 4*d - 5*c - 193, h*c + 35 = d - 2. Let r = d - 48. What are the prime factors of r?
2
Let u = 8 + -34. Let p = u + 31. Suppose -4*a = -p*l - 0*a + 53, 4*a + 8 = 0. What are the prime factors of l?
3
Let i(v) = 2588*v**2 + 371*v - 1099. What are the prime factors of i(3)?
2, 43, 271
Let c(i) = 29*i**2 - 4*i - 16. Let o be c(-3). Suppose h = -2*a + 512, 5*h + o = 2*a - 231. Let v = a + -106. List the prime factors of v.
2, 37
Suppose -3*i = 17 - 2, 2*i + 46 = w. Suppose -v - w = -10*v. Suppose v*n = -4*a + 648, 14 = -5*n + 4. What are the prime factors of a?
2, 41
Let z(i) = -5*i**2 + 52*i + 112. Let u(j) = 7*j**2 - 53*j - 113. Let b(f) = -3*u(f) - 4*z(f). List the prime factors of b(-35).
3, 127
Suppose 4 = 3*r + 3*u + 13, 5*r = 4*u + 21. Let g = 53 + r. Suppose -5*a = -324 + g. List the prime factors of a.
2, 3
Suppose 0 = -l - 2*w + 7671, w + 5036 - 28064 = -3*l. What are the prime factors of l?
3, 853
List the prime factors of 83/332 - -2*7262/16.
2, 227
Let l(a) = a**3 + a**2 + 4*a - 6. Let k be l(5). Suppose 0 = 19*w + 17*w - 144. Suppose 144 + k = w*h. List the prime factors of h.
7, 11
Let s = -13641 - -23573. What are the prime factors of s?
2, 13, 191
Let u = -33 + 35. Suppose -r - u*c = -c + 231, -4*r - 3*c - 919 = 0. Let x = -58 - r. What are the prime factors of x?
2, 3, 7
Let d(f) = f**3 + 18*f**2 + 5. Let p be d(-18). Suppose p*q - a = 1138, -q + 233 = 4*a - 6*a. What are the prime factors of q?
227
Suppose 16*g - 11*g = 20. Suppose -4*c - c - 8 = -2*a, 2*c + a - g = 0. Suppose 5*u = 3*p - 0*u - 46, c = -3*p - 4*u + 55. List the prime factors of p.
17
Suppose 0 = -4*z - 6 + 18. Suppose -z*s - v = 8, -4*s + 21 = -5*v - 0*v. Let a(w) = 75*w**2 - 2*w - 2. What are the prime factors of a(s)?
3, 5
Let u(v) = 8*v**2 + 6*v + 4. Let x(g) = -8*g**2 - 5*g - 3. Let s(y) = -4*u(y) - 5*x(y). Let o be s(1). Suppose 10*c - o*c = 12. What are the prime factors of c?
2, 3
Let f(s) = -65*s - 2. Let i be f(-1). Suppose -i*b = -67*b - 9900. List the prime factors of (-4)/5*(b/10)/1.
2, 3, 11
Let k(o) = o**2 - 12*o - 60. Let x be k(-4). Suppose -4*n + 1853 = 4*q - 1199, -5*q = -x*n - 3797. What are the prime factors of q?
761
Suppose 0 = -8*k + 13*k. Suppose 36*u - 34*u - 8 = k. Suppose 4*b + u = w - 100, -3*b + 208 = 2*w. What are the prime factors of w?
2, 13
Suppose 18 + 57 = 5*g. Let s = 40 - g. Suppose -2*t + 21 + s = 0. List the prime factors of t.
23
Suppose 0 = -13*x - 4*x + 272. Let c(u) = 5*u - 22. What are the prime factors of c(x)?
2, 29
Let h = -184 + 582. Suppose -2*t = 4*u - 1582, 3*u + h = 4*u - 2*t. List the prime factors of u.
2, 3, 11
Suppose -31*i = -64*i + 1171368. List the prime factors of i.
2, 3, 17, 29
Suppose 260*b + 283897 = 333*b. List the prime factors of b.
3889
Let g(d) = -2*d**2 - 9*d - 26. Suppose 0 = 6*v - 10*v - 28. Let m be g(v). Let u = m + 118. What are the prime factors of u?
3, 19
Suppose -2*n - 4*w = 22, 0 = 4*n - 2*w + 7 - 3. List the prime factors of (1382/7 - n) + (-4)/(-7).
3, 67
Suppose 0 = 5*z + 2*a - 7*a - 1015, -z + 185 = 5*a. Suppose z*o = 202*o - 874. List the prime factors of o.
19, 23
Let s(y) = -23*y - 176. Let p be s(-7). What are the prime factors of -3*2/p + (-95508)/(-630)?
2, 19
Let l be -625*(2/(-2))/1. Let s = l - 321. Suppose -3*d + s = -0*d - 2*w, 4 = 4*w. What are the prime factors of d?
2, 3, 17
Suppose 2*h + 34*y = 36*y + 43474, -4*y = -3*h + 65218. List the prime factors of h.
2, 5, 41, 53
Let i(d) = -d**3 - 7*d**2 + 18*d + 15. Let w be i(-9). Let h be (-6)/9 + 1495/w. Suppose 6*f = 57 + h. What are the prime factors of f?
2, 13
Let n(i) = 232*i + 4. Let c(k) = -3*k. Let t(l) = -88*c(l) - 2*n(l). What are the prime factors of t(-1)?
2, 3
Suppose -9 + 66 = -3*x. Let a(s) = 2*s**2 + 20*s + 44. Let m be a(-9). Let z = m + x. What are the prime factors of z?
7
Suppose 18*s = 16*s. Suppose -4*c + 21 = -l + 63, 3*c + 3*l + 24 = s. Let g = c - -118. List the prime factors of g.
2, 3
Let o be ((-2)/(-2))/(7/(-686)*-2). Let k = o + 80. List the prime factors of k.
3, 43
Let t(k) = -k - 6. Let z be t(-11). Suppose -2*g + 4*f - 8 = 0, -z*g + 2*f = -3*f + 10. Suppose -85 = -g*c - c. What are the prime factors of c?
5, 17
Let l be (-1)/(1/((-90)/3)). Let a be (112/140)/(2/l). Suppose 13*i = a*i + 11. List the prime factors of i.
11
Suppose 5*a = 5*s - 10*s - 20, 0 = a + 3*s + 8. Let i be (3 - (a + 41))*(-12)/(-9). Let g = i + 121. List the prime factors of g.
73
Let j(y) = 8 + 98*y - 5*y**2 - 2*y**3 - 57*y - 54*y. List the prime factors of j(-7).
2, 3, 5
Let s(q) = 5423*q**2 + 64*q + 13. What are the prime factors of s(-3)?
2, 12157
Suppose -11*s - 27*s + 2*s = 0. What are the prime factors of (56835/105 - 4/14) + s?
541
Let y be (1 - (-18)/(-12))/(2/(-24)). Let u(i) = 86*i - 50. List the prime factors of u(y).
2, 233
Let z = -74 + 551. Let n = z - 186. List the prime factors of n.
3, 97
Suppose -140 = 2*h - 136. What are the prime factors of (h/2)/((-73)/66211)?
907
Let l = 68 + -82. What are the prime factors of (-18)/(-42) - 750/l?
2, 3
Let u = 6 + -2. Suppose 190*y - 195*y - 409 = -r, 1318 = 3*r - 2*y. Suppose -2*d + u*d - r = 0. What are the prime factors of d?
2, 3, 37
Let h(p) be the first derivative of -p**4/4 - 7*p**3/3 - 7*p**2/2 - 13*p + 1. Let j be 88/396 + (166/(-18) - -1). What are the prime factors of h(j)?
107
Let n = 0 + -36. Let g be (-154 - (-1 - 1))*(-27)/n. Let c = g - -232. List the prime factors of c.
2, 59
Let k = -17 + 27. Let a(n) = 6*n + 11. Let s be a(k). Suppose -l + 33 = -s. What are the prime factors of l?
2, 13
Let s(g) = 4*g**2 - 91*g + 104. List the prime factors of s(39).
7, 13, 29
Suppose 13*m - 11*m = 13900. Suppose m = 16*o - 6*o. What are the prime factors of o?
5, 139
Let w = 9 - -1. Let g be (w - 1)*(-1)/6*-2. Suppose g*d - 121 = 59. What are the prime factors of d?
2, 3, 5
Let o(v) = -29*v + 15. Let x be o(3). Let r = -58 - x. What are the prime factors of r + -17 + 55 + 0?
2, 13
Let p(v) be the third derivative of v**5/20 + v**4/3 - 4*v**3/3 - 4*v**2. Let w(b) = b**2 - 6*b - 7. Let u be w(6). List the prime factors of p(u).
83
Let i(c) = 30*c + 22*c - 16*c + 12*c + 157 + 7*c. What are the prime factors of i(19)?
2, 601
Suppose -539008 - 282960 = -82*x. What are the prime factors of x?
2, 7, 179
Suppose -2*a - 2*f + 11544 = 0, a + 24*f - 5767 = 22*f. What are the prime factors of a?
53, 109
Let s = 270 + 55. Let f = s + 138. List the prime factors of f.
463
Let u(h) = -4 + 68*h + 8 - 6. What are the prime factors of u(1)?
2, 3, 11
Suppose -318*l = -302*l - 184880. List the prime factors of l.
5, 2311
Suppose -15091 = -10*k + 9*k - h, 0 = 4*k - 4*h - 60364. What are the prime factors of k?
15091
Let x(u) be the first derivative of 5*u - 83/2*u**2 + 26. What are the prime factors of x(-2)?
3, 19
Let z = 10 - 20. Let a(t) = 2*t**2 - t - 938. Let c be a(0). What are the prime factors of z/(-100) + c/(-20)?
47
List the prime factors of (-1 + 0 - 0)/(34/(-29614)).
13, 67
Let w(n) = 2*n**2 - 35*n + 32. Let j be w(17). What are the prime factors of 74/((1/(-15))/((-6)/j))?
2, 3, 37
Let v(m) = 597*m + 9. What are the 